{"id":86,"date":"2017-08-22T13:21:57","date_gmt":"2017-08-22T13:21:57","guid":{"rendered":"http:\/\/stb-grahmann.de\/?page_id=86"},"modified":"2022-08-26T07:47:10","modified_gmt":"2022-08-26T07:47:10","slug":"finanzbuchhaltung","status":"publish","type":"page","link":"https:\/\/stb-grahmann.de\/?page_id=86","title":{"rendered":"Finanzbuchhaltung"},"content":{"rendered":"<p><img loading=\"lazy\" decoding=\"async\" class=\"alignleft size-medium wp-image-271\" src=\"http:\/\/stb-grahmann.de\/wp-content\/uploads\/2022\/08\/2022-01-300x200.jpg\" alt=\"\" width=\"300\" height=\"200\" srcset=\"https:\/\/stb-grahmann.de\/wp-content\/uploads\/2022\/08\/2022-01-300x200.jpg 300w, https:\/\/stb-grahmann.de\/wp-content\/uploads\/2022\/08\/2022-01.jpg 500w\" sizes=\"auto, (max-width: 300px) 100vw, 300px\" \/>Die Finanzbuchhaltung wird auf Ihre Bed\u00fcrfnisse ausgerichtet sowie zeitnah und kompetent berarbeitet.<br \/>\nWir arbeiten in unserer Kanzlei mit dem DATEV Verbund, der jederzeit an die neusten gesetzlichen Regelungen angepasst wird.<br \/>\nAufgrund der gesetzlichen Neuregelung der Abgabe der Umsatzsteuervoranmeldungen und Lohnsteueranmeldungen per Datenaustausch, werden keine Anmeldungen mehr mit Papier ausgegeben, sondern alles per Daten\u00fcbermittlung an die zust\u00e4ndigen Finanzbeh\u00f6rden weitergeleitet. Sie erhalten von uns mit jeder Buchf\u00fchrung eine betriebswirtschaftliche Auswertung und einen Cntrollingreport (ab dem 2. Jahr), der auf anschauliche Weise die betriebswirtschaftliche Situation des Betriebes darstellt. Auf Wunsch werden auch Branchenvergleiche erstellt. Der modernste Stand unserer Technik garantiert Ihnen die Optimierung Ihrer Finanzbuchhaltung, die umfangreichen monatlichen Auswertungen lassen Steuergestaltung nicht in den Hintergrund treten.<\/p>\n<p>Gerne nehmen wir Ihre Buchf\u00fchrung auch papierlos in digitaler Form entgegen.<\/p>\n","protected":false},"excerpt":{"rendered":"<p>Die Finanzbuchhaltung wird auf Ihre Bed\u00fcrfnisse ausgerichtet sowie zeitnah und kompetent berarbeitet. Wir arbeiten in unserer Kanzlei mit dem DATEV Verbund, der jederzeit an die neusten gesetzlichen Regelungen angepasst wird. Aufgrund der gesetzlichen Neuregelung der Abgabe der Umsatzsteuervoranmeldungen und Lohnsteueranmeldungen per Datenaustausch, werden keine Anmeldungen mehr mit Papier ausgegeben, sondern alles per Daten\u00fcbermittlung an die [&hellip;]<\/p>\n","protected":false},"author":1,"featured_media":0,"parent":0,"menu_order":0,"comment_status":"closed","ping_status":"closed","template":"","meta":{"footnotes":""},"class_list":["post-86","page","type-page","status-publish","czr-hentry"],"_links":{"self":[{"href":"https:\/\/stb-grahmann.de\/index.php?rest_route=\/wp\/v2\/pages\/86","targetHints":{"allow":["GET"]}}],"collection":[{"href":"https:\/\/stb-grahmann.de\/index.php?rest_route=\/wp\/v2\/pages"}],"about":[{"href":"https:\/\/stb-grahmann.de\/index.php?rest_route=\/wp\/v2\/types\/page"}],"author":[{"embeddable":true,"href":"https:\/\/stb-grahmann.de\/index.php?rest_route=\/wp\/v2\/users\/1"}],"replies":[{"embeddable":true,"href":"https:\/\/stb-grahmann.de\/index.php?rest_route=%2Fwp%2Fv2%2Fcomments&post=86"}],"version-history":[{"count":4,"href":"https:\/\/stb-grahmann.de\/index.php?rest_route=\/wp\/v2\/pages\/86\/revisions"}],"predecessor-version":[{"id":286,"href":"https:\/\/stb-grahmann.de\/index.php?rest_route=\/wp\/v2\/pages\/86\/revisions\/286"}],"wp:attachment":[{"href":"https:\/\/stb-grahmann.de\/index.php?rest_route=%2Fwp%2Fv2%2Fmedia&parent=86"}],"curies":[{"name":"wp","href":"https:\/\/api.w.org\/{rel}","templated":true}]}}